 (q - -4)?
4
Let b(q) be the third derivative of 1/60*q**5 + 0 + 4*q**2 + 0*q + 1/6*q**3 - 1/120*q**6 + 1/24*q**4. What is the units digit of b(-1)?
2
Let r = 88 - -54. What is the tens digit of r?
4
Let d(h) = -h**2 + 9*h. Let m be d(9). Suppose -3*n + 8*n - 5*l - 65 = m, 34 = 2*n + 2*l. What is the units digit of n?
5
Suppose 0*i = i - 65. What is the tens digit of i?
6
Let z be (-3)/(-2)*(-20)/(-6). Suppose 0 = 6*k - z*k - 23. What is the tens digit of k?
2
Suppose 0 = -4*d + 87 + 77. What is the tens digit of d?
4
Let b be 20/15*3/2. Let f(x) = 8*x + 1. Let u be f(b). Let n = 30 - u. What is the units digit of n?
3
Let x(b) = -b**3 - 6*b**2 + 4. Let y be x(-6). Suppose -3*n + 5 = 11, y*n = 3*s + 4. Let h = -2 - s. What is the units digit of h?
2
Suppose 3*n = -n. Suppose -k + 4*y + 5 = n, 3*y - y - 17 = -k. What is the units digit of k?
3
Let y = -3 + 4. What is the units digit of (1 + -2)*(y + -2)?
1
Let s = -228 + 551. What is the hundreds digit of s?
3
Let n(y) = -y**3 + 4*y**2 - 3*y + 3. Let u be n(3). Suppose -72 = -3*a - u*h, 3*a + 3*h = h + 68. What is the units digit of a?
0
Let b(o) = o + 18. What is the units digit of b(-10)?
8
Suppose -4*f = 3*f - 1911. What is the units digit of f?
3
Let f(x) be the first derivative of x**4/4 - 3*x**3 + 6*x**2 - 10*x - 2. What is the units digit of f(8)?
2
Suppose -3*s - 26 = -p - s, 95 = 4*p - 5*s. Suppose 0*r = -4*m + 3*r, -5*r - p = 0. Let f = m - -13. What is the tens digit of f?
1
Let i(b) = 0*b**2 + 0 + 4 + 0*b**2 - b**2. Let s be i(0). Suppose -s*d + 15 = -9. What is the units digit of d?
6
Let y = -8 + 11. Suppose 5*s - y*s - 50 = 0. What is the units digit of s?
5
Let c be (8/4)/(4/(-10)). What is the units digit of (-43)/c - 4/(-10)?
9
Suppose g = 2*l + 35, -7*l = 2*g - 2*l - 70. What is the tens digit of g?
3
Let m = -20 + 23. Suppose 52 + 14 = m*y - 3*c, 5*c + 74 = 3*y. What is the tens digit of y?
1
Let a be (-6)/(-2)*(-1)/(-1). Let p(v) = v**3 - 2*v**2 + 3*v + 4. Let x be p(a). Let b = -16 + x. What is the units digit of b?
6
Let f = -43 - -66. What is the units digit of f?
3
Let t be (-2)/5 + (-74)/(-10). Let q(s) = s**2 - 9*s + 10. Let h be q(t). What is the units digit of 1/(-4) + (-21)/h?
5
Let h be (-2)/(-6) + 2/(-6). Suppose -4*k - 8 = h, -j + 5*k - 18 = 3*j. Let x = 11 + j. What is the units digit of x?
4
Suppose 11 = -2*x + 39. What is the tens digit of x?
1
Let a(v) = v + 6. Let o be a(-3). Suppose -o*z + 77 + 7 = 0. What is the tens digit of z?
2
Let s(i) = -i**2 + 6*i + 16. What is the units digit of s(7)?
9
Suppose -5*m = -4*x + 2 - 319, -5*m + 3*x = -319. Suppose v + 29 = 3*z, -7*z + 5*v + m = -2*z. What is the units digit of z?
8
Let o = 2 - 0. Let u be (-14)/((-3)/3) - o. Suppose 0*v = 3*v - m - u, -m - 4 = -v. What is the units digit of v?
4
Let c = 9 + -4. Suppose -5*t = -c*j + 20, j + 10 = 3*j - 3*t. Suppose j = 5*s - 13. What is the units digit of s?
3
Let g(f) = 17*f**2 + 2*f - 1. Let h be g(1). Let m = h + -8. What is the tens digit of m?
1
What is the units digit of 0/(-4) + 0 + 2?
2
What is the tens digit of (444/(-10))/(6/(-15))?
1
Let c = 1 + 2. Suppose 0 = -c*x + 5*x - 42. What is the units digit of x?
1
Let i(y) = y**2 + 11*y + 10. Let g be i(-10). Suppose t + 3*t - 8 = g. What is the units digit of t?
2
Let a = 71 + -28. What is the units digit of a?
3
Let f(w) = 3*w**3 - 6*w**2 + 9*w + 6. What is the tens digit of f(5)?
7
What is the units digit of (276/15)/((-4)/(-10))?
6
What is the units digit of 1/(1 + (-56)/60)?
5
Suppose h = -8*h + 972. What is the tens digit of h?
0
Suppose 0 = -3*c - 1 + 7. Let k(u) = u**3 + 4*u**2 - u - 4. Let v be k(-3). Suppose -2*n = c*n - v. What is the units digit of n?
2
Let q(f) be the third derivative of -f**4/24 + 8*f**3/3 + 4*f**2. What is the tens digit of q(0)?
1
Let z(q) be the second derivative of q**3/6 - 5*q**2/2 - 2*q. Let g be z(3). Let b(o) = -o. What is the units digit of b(g)?
2
Let i = 128 + -76. Suppose 0 = 2*l + 2*l - i. What is the units digit of l?
3
Suppose -4*k = -53 - 11. Suppose f = -2*m - k, -4*f - f - 8 = 2*m. What is the units digit of 6/(-27) - 56/m?
6
Suppose 7*r = 3*r + 156. Let w = r - 14. What is the tens digit of w?
2
Let l = -15 - -5. Let u = l + 7. What is the units digit of 10 - -1 - (6 + u)?
8
Let m(i) = -i**2 + 3*i + 4. Let t be m(3). Suppose 18 = d - 2*z - 2, 2*z = -t*d + 30. What is the units digit of d?
0
Let w be ((-7)/2 + 3)*-2. Let j be (1 + -3 - w) + 9. Let g = j + 8. What is the tens digit of g?
1
Let t(w) = w**3 + 8*w**2 + 3. Let b be t(-8). Let y(u) = u**2 + 4*u - 5. Let x be y(-5). Suppose x = -2*l - b*l + 25. What is the units digit of l?
5
Let i(k) = -25*k**3 - k**2 + 1. Let j(s) = 2*s + 3. Let g be j(-2). What is the units digit of i(g)?
5
Let z = 3 - -2. Suppose 0 = 3*l - w + 5*w - 20, -2*w + 38 = z*l. What is the units digit of l?
8
Let p = 6 + -67. Let a be (p/(-4))/(2/(-8)). Let c = -43 - a. What is the tens digit of c?
1
Suppose 12 = 4*y - 3*y. What is the units digit of y?
2
Let f(j) = -j**3 - 2*j**2 + j + 2. Let a be f(-2). Let n = a - -2. Suppose -u = -n*d + 1, -2*u + 16 = 5*d - 3*d. What is the units digit of d?
3
Suppose 0 = 4*m + 5*l + 207 - 12, -4*m + l = 201. Let n = -19 - m. What is the tens digit of n?
3
Suppose -t + 447 = 143. What is the units digit of t?
4
Suppose -3*k - 3*d + 45 = 0, -3*d + 34 = 4*k - 2*k. Suppose -7 + 23 = 2*m. Let i = k - m. What is the units digit of i?
3
Let p(o) = -o**2 - 2*o + 34. Suppose k - 6*k = 0. What is the tens digit of p(k)?
3
Let v(t) = t**2 - 4*t - 8. Suppose -r + 1 = -5. Let k be v(r). Suppose 0 = k*h - 1 - 43. What is the tens digit of h?
1
Let a = 0 + 0. Let p be (-14)/(1 - a/(-2)). What is the units digit of (-18)/(-4)*p/(-7)?
9
Suppose -11*n + 16*n = 40. What is the units digit of n?
8
Let c = -340 - -494. What is the tens digit of c?
5
Let k = -10 - -11. What is the units digit of k/((-4)/8) - -18?
6
Suppose -n + 4*a + 195 - 27 = 0, 5*n - 2*a - 840 = 0. What is the hundreds digit of n?
1
Let q be 3/((-6)/4) + 6. Suppose -5*m + 30 = o, 0 = q*m + 4*o - 2*o - 24. What is the units digit of m?
6
Let h be -1 - ((-2)/(-3) + 0)*51. Suppose -72 = 3*f + 3*c, f + 3*c - 112 = 6*f. What is the units digit of f/(-7) + 10/h?
3
Suppose -6 = -2*k + 8. What is the units digit of k?
7
Let n(j) = 3*j**2 + 4*j + 9. What is the tens digit of n(-5)?
6
Suppose 5*s - 20 = 40. What is the units digit of s/10*(-40)/(-8)?
6
Let p(q) = 5*q**2 + 3*q - 2. What is the units digit of p(2)?
4
Suppose -2*y + 3*p = 3*y - 28, 0 = -y - 2*p + 16. Let n(z) = z**2 - 10*z - 2. Let t be n(y). Let g = 31 + t. What is the tens digit of g?
1
Let h(y) = -20*y - 4. Let s be h(3). Let p = s - -40. What is the units digit of (4/(-6))/(2/p)?
8
Suppose -6 = 5*p - 66. Let w be (-2)/p - (-13)/6. Let k = 0 + w. What is the units digit of k?
2
Let i(n) = -14*n - 2. Suppose 5*a + 14 - 4 = 0. What is the units digit of i(a)?
6
Let d be 123/9*(7 - 1). Suppose -4*i + d + 54 = 0. What is the units digit of 3/(-12) - i/(-8)?
4
Let p(k) = 24*k**3 + 2*k**2 - 2*k - 2. What is the units digit of p(2)?
4
Let w(i) = -2*i + 6. Let x be w(-5). Let q = -27 + x. What is the units digit of (-141)/q - 8/(-44)?
3
Let m = 80 - 50. What is the units digit of m?
0
Suppose 2*y + 72 = 5*l - l, -4*l + 84 = y. Let s = 3 - 1. Suppose -5*v - q = -l, -3*q + s*q + 5 = 2*v. What is the units digit of v?
5
Suppose -4*w = 2*p - 90, 2*w = 5*p + 3*w - 234. What is the units digit of p?
7
What is the tens digit of 1 - (-166 - 1*(0 + 1))?
6
Let h = 2 - 1. Let t(z) = 14*z**2 + z + 3. Let c(q) = 15*q**2 + 2*q + 4. Let d(r) = -2*c(r) + 3*t(r). What is the units digit of d(h)?
2
Let m(d) = d + 7. Let k be m(-4). Suppose -13 = 5*o - 2*c - k, -25 = 5*o + c. What is the units digit of (o/1)/((-3)/6)?
8
Suppose 4*i + t = 20, 4*i = 2*t + 21 + 11. What is the units digit of i?
6
Suppose 0*q = -5*q. Let m(n) = -n**2 - n + 4. Let s be m(q). Suppose 3*g - 5*g = -s*u + 28, -u + 4*g + 14 = 0. What is the units digit of u?
6
Let l(k) = -3*k**3 - k**2 - 3*k - 1. Suppose 0 = -3*u - 9 + 3. What is the tens digit of l(u)?
2
Suppose -s + 12 = 2*s. Let j = s + 13. Let z = -8 + j. What is the units digit of z?
9
Let j(f) = -2*f - 8. Let l = 15 - 22. What is the units digit of j(l)?
6
Let i be ((-37)/4)/(1/(-4)). Let g = 